(l) be the third derivative of -l**6/120 + l**5/20 + l**4/6 - 7*l**3/6 - 16*l**2. Calculate the remainder when w(-3) is divided by h(3).
3
Suppose 2*u - 3*u = d - 92, 0 = -2*u + d + 175. Calculate the remainder when 352 is divided by u.
85
Suppose -7*v + 25 = -2*v. Let p be 81/v*(4 + 1). Suppose 0*w + 5*w - p = -2*j, 5*w - 63 = 4*j. Calculate the remainder when w is divided by 8.
7
Let z = -131 - -144. What is the remainder when 3828/77 - (-4)/14 is divided by z?
11
Suppose 2*l = 109 + 23. Calculate the remainder when (1/((-9)/(-6)))/(2/l) is divided by 5.
2
Let o(h) = 3*h**3 - 157*h**2 + 53*h + 90. What is the remainder when o(52) is divided by 51?
40
Calculate the remainder when 42 is divided by (78/(-15))/(24/5 - 5).
16
Let q = -12 + 17. Let y(x) = 2*x**2 - 10*x - 109. Calculate the remainder when y(-6) is divided by q.
3
Suppose 104*v - 6569 - 2638 - 2545 = 0. Suppose -4*l + 60 = -2*l. What is the remainder when v is divided by l?
23
Let a(x) = -4*x**2 + 56*x - 36. Let r = -16 + 44. Calculate the remainder when r is divided by a(13).
12
Suppose 0 = c - 3, 3*l - 4 = 2*l + 2*c. Let d(m) = 9*m**2 - 158*m - 25. Calculate the remainder when d(18) is divided by l.
7
Suppose -2*u = -2*d + 6, -2*u + 5*d + 5 = -7*u. Calculate the remainder when 23 is divided by (7 + 1)*(u - -3).
7
Suppose -19*h + 910 + 800 = 0. What is the remainder when 183 is divided by h?
3
Calculate the remainder when 236 is divided by -2 - (-6 + (-21 - -8)).
15
Let g(m) = -m**3 - 7*m**2 - 8*m - 7. Let k = 28 + -18. Calculate the remainder when k is divided by g(-6).
0
Let p = -323 + 339. What is the remainder when 238 is divided by p?
14
Suppose -397 = -4*v + 5*z, -v + 4*v - 11*z - 276 = 0. What is the remainder when v is divided by 21?
19
Calculate the remainder when (-87)/(-6) - 100/40 is divided by 1.
0
Suppose -2*o = 7 - 205. Let s(z) = -z**3 + 9*z**2 - 13*z + 18. Let j = 70 - 63. What is the remainder when o is divided by s(j)?
24
Let s = 1373 + -1342. What is the remainder when 59 is divided by s?
28
Let p be 9/6 - 26/(-4). Let f(v) = v**3 - 8*v**2 + 14*v - 14. Let x be f(p). Suppose -x = -3*w - 5. What is the remainder when 120 is divided by w?
27
Suppose 0 = b + 4*b + 2*o - 265, 4*b + 5*o = 195. Let a = b + -29. Calculate the remainder when a is divided by (-26)/(-4) - (-5)/10.
5
Let t = -303 - -319. What is the remainder when 202 is divided by t?
10
Suppose -3*d - 21 + 33 = 0. Suppose -5*v + 172 = -i + 2*i, -d*v + 4*i = -128. Calculate the remainder when v is divided by 9.
7
Suppose 5*u = -3*t + 57, -u = 2*t - 2*u - 51. Suppose 11*z - 225 = 6*z. Calculate the remainder when z is divided by t.
21
Suppose -221*m - 83 = -222*m. Calculate the remainder when 576 is divided by m.
78
Suppose -4*k - p + 111 = -2, 0 = k - p - 32. What is the remainder when 40 is divided by k?
11
Suppose 4*x - 8*x + 1328 = -2*f, f = 4. Calculate the remainder when x is divided by 14.
12
Let y = 3518 + -3385. What is the remainder when y is divided by (-1)/(-4) + 214/8?
25
Let c = -299 + 391. Calculate the remainder when c is divided by 24.
20
Suppose -4 + 123 = 3*q + 2*w, -w - 5 = 0. Suppose -3*v - 3 = -2*v. Let i = v - -14. Calculate the remainder when q is divided by i.
10
Suppose -6*m = -0*m - 126. Suppose 0 = -3*n + 7*v - 2*v + 94, -5*v + m = 2*n. What is the remainder when ((-90)/8)/((-2)/8) is divided by n?
22
Let k be ((-20)/(-6))/(2/3). Calculate the remainder when (k - 2) + 0 + 8 is divided by (1 + -2)/((3 + -2)/(-6)).
5
Let w(t) = 6*t - 8. Let x be 116/(-6)*6/(-4). Suppose -2*a = -3*a + x. Calculate the remainder when a is divided by w(4).
13
Suppose s + 25 + 12 = a, 5*s + 5 = 0. Suppose g + f - 104 = 0, 4*g - 5*f + 6*f = 416. What is the remainder when g is divided by a?
32
Let r = -253 - -714. Calculate the remainder when r is divided by 31.
27
Let b(d) = d**2 - 40*d - 25. What is the remainder when b(41) is divided by 9?
7
Let s = -200 - -211. What is the remainder when 74 is divided by s?
8
What is the remainder when (66/88)/(2/232) is divided by 10?
7
Let a(l) be the third derivative of l**5/5 + l**4/24 - 23*l**2. What is the remainder when 20 is divided by a(-1)?
9
Let w = -82 - -157. Let y be 1/(-3) + 7/3. Suppose 17 + 9 = y*c. Calculate the remainder when w is divided by c.
10
Let q = -356 + 358. Calculate the remainder when 3 is divided by q.
1
Let w(z) = z**2 + 27*z + 18. Calculate the remainder when w(-28) is divided by 31.
15
Let i(b) = b**3 - 9*b**2 + 12*b - 8. Let p be i(8). Let m = -19 + p. What is the remainder when 17 is divided by m?
2
Let v = 1251 + -1235. What is the remainder when 303 is divided by v?
15
Suppose q + 5 = 8, v - 40 = -5*q. What is the remainder when v is divided by 12?
1
Let l = 290 + -282. What is the remainder when l is divided by 5?
3
Let q = 293 - 250. Suppose -4*r - 8 = -3*r. Let f = 1 - r. Calculate the remainder when q is divided by f.
7
Let j = -88 - -100. Suppose j = -3*l, 114 = 5*k - l - 0*l. What is the remainder when k is divided by 8?
6
Let h(o) = o**2 - 2*o + 11. Let n be h(-9). Let u = -68 - -122. Calculate the remainder when u is divided by n/25 + -5 + 73/5.
12
Let y(g) = g**2 + 8*g - 6. What is the remainder when (20/(-1))/(4/(-1*32)) is divided by y(-11)?
25
Let g(f) = -5*f - 7. Let j be g(-2). What is the remainder when 33 is divided by 0 + 64/j - (-2)/3?
11
Suppose 10*j = 3072 - 3042. What is the remainder when 231 is divided by j?
0
Suppose -4*u + 133 + 51 = 0. Let r(t) = -2*t**2 - t + 4. Let q be r(-4). Calculate the remainder when u is divided by q*(20/(-15))/2.
14
Suppose -2274 + 1042 = -16*x. What is the remainder when x is divided by 13?
12
Suppose -g - 4 = 0, -o - 4 = 6*g - g. Calculate the remainder when (-13)/(13/(-6) + 2) is divided by o.
14
Suppose -2*v - 7 = 3, 4*q + 5*v = 51. What is the remainder when q is divided by 4?
3
Let q(k) = -2*k**2 + k + 1. Let n be q(-1). Let w be 22/n*(-35)/5. Suppose 4*b - w - 11 = 0. What is the remainder when 41 is divided by b?
19
Let r(f) = 2*f**3 + 14*f**2 + 11*f + 15. Let y = 115 + -121. Calculate the remainder when 61 is divided by r(y).
19
Let r(s) = 174*s - 1124. What is the remainder when r(10) is divided by 299?
18
What is the remainder when 569 is divided by (-4)/(((-3)/6)/((-184)/(-64)))?
17
Suppose -2*t - 3*m + 4 = 0, 5*m - 2*m - 12 = 0. What is the remainder when (19 - (-4)/2) + -2 is divided by (15 + t)/1 + 0?
8
Let x = 42 - 39. Suppose 0 = 5*g + 3*k - 544 + 181, -4*g + 285 = -x*k. Calculate the remainder when g is divided by 15.
12
Suppose -66 = -3*g + 3*v, -2*g - 2*v + 48 = -5*v. Calculate the remainder when 1077 is divided by g.
15
Let w(b) = -3*b**2 + 59*b - 32. What is the remainder when 95 is divided by w(19)?
5
Let w = -139 - -196. Let a = 74 - w. What is the remainder when 33 is divided by a?
16
Let o be (6/(-9))/(2/(-3)). Let y(i) = -42*i + 598. Calculate the remainder when o/(0 - 3/(-111)) is divided by y(14).
7
Suppose -5*o + 15 = -2*o. Let n be 384/10 + (-2)/o. Let i = -27 + n. What is the remainder when 32 is divided by i?
10
Let t(l) = 28*l + 61. What is the remainder when t(0) is divided by 17?
10
Suppose -5*r + 41 = -4*q, r + 2 = -2*q - 1. Let f(m) = m**3 + 5*m**2 - 4*m + 7. Let j be f(-6). Calculate the remainder when r*j*(-15 + 10) is divided by 32.
29
Suppose 114*g = 4995 + 5721. What is the remainder when 373 is divided by g?
91
Let n(t) = -7*t**3 - 3*t**2 - 32*t - 32. Calculate the remainder when n(-6) is divided by 54.
52
Let p(x) = -x**3 + 3*x**2 - x + 5. Let d be p(0). Suppose -254 + 629 = d*h. What is the remainder when h is divided by 19?
18
Let d = -19 - -36. What is the remainder when (5/(-25))/(18/(-9090)) is divided by d?
16
Suppose 3*n - 8 = -4*b, -2*n + 4*n - 9 = b. Suppose -t = -3*c, n*c - 3*t = t - 8. What is the remainder when c is divided by 1?
0
What is the remainder when 356*(7 - (-27)/(-4)) is divided by 18?
17
Let f(h) = h**2 - 15*h + 41. Calculate the remainder when 141 is divided by f(12).
1
Let w(q) = 15*q**3 + q**2 - 4*q - 3. Calculate the remainder when w(2) is divided by 61.
52
Let l(z) = z**3 - 3*z**2 - 11*z + 33. What is the remainder when l(7) is divided by 52?
48
Let a(u) = -u + 74. Calculate the remainder when 269 is divided by a(6).
65
Let p(b) = b + 8. Let k be p(-6). Let q = 7 - k. Let x = 201 + -199. What is the 